ue
Is 1188 a factor of 5234525208?
True
Does 4 divide 518650?
False
Does 39 divide 69205500?
True
Does 36 divide 6667561?
False
Does 334 divide 1467625503?
False
Does 6 divide 207620886?
True
Does 30 divide 72640260?
True
Is 79601841 a multiple of 400?
False
Is 88 a factor of 86006624?
True
Is 5538 a factor of 3243838620?
False
Does 11 divide 7444657?
True
Is 157666116 a multiple of 13?
False
Is 1912857201 a multiple of 2511?
True
Does 49 divide 50760039?
False
Does 448 divide 40168035?
False
Does 49 divide 303401483?
True
Is 4 a factor of 137632707?
False
Is 8257155 a multiple of 15?
True
Does 250 divide 39976315?
False
Does 1128 divide 44327721?
False
Is 21 a factor of 1231520108?
False
Does 563 divide 20158212?
False
Does 117 divide 47186589?
False
Is 596123155 a multiple of 12823?
False
Is 2388 a factor of 100162945?
False
Does 228 divide 21856864?
False
Is 73298610 a multiple of 315?
True
Is 1885 a factor of 2693591485?
True
Is 1283 a factor of 60937368?
True
Is 137878612 a multiple of 1391?
False
Does 3249 divide 77319702?
True
Does 7 divide 166792094?
True
Is 223 a factor of 59108266?
False
Does 100 divide 29634500?
True
Is 220 a factor of 160722828?
False
Does 1852 divide 523029673?
False
Is 18181337 a multiple of 617?
False
Is 27063385 a multiple of 1285?
True
Does 86 divide 17712302?
True
Does 1765 divide 307726268?
False
Does 28 divide 9505612?
False
Does 4 divide 328751548?
True
Does 38 divide 78393316?
True
Is 28 a factor of 1412320?
True
Does 11 divide 765284178?
False
Is 74896010 a multiple of 10?
True
Does 467 divide 49313639?
False
Does 26 divide 838304480?
True
Is 281326369 a multiple of 116?
False
Is 67 a factor of 3377156?
False
Does 110 divide 54570670?
True
Is 82880611 a multiple of 282?
False
Does 130 divide 405341525?
False
Is 23384849 a multiple of 73?
False
Does 145 divide 83763899?
False
Is 449299587 a multiple of 80?
False
Is 719528 a multiple of 67?
False
Is 84 a factor of 67625376?
True
Is 20 a factor of 6576920?
True
Is 12509456 a multiple of 16?
True
Does 1006 divide 30339954?
True
Is 77 a factor of 63571431?
True
Does 486 divide 28256803?
False
Is 577268754 a multiple of 6673?
False
Is 127381281 a multiple of 13?
False
Is 40232388 a multiple of 59?
False
Does 26 divide 335894910?
True
Is 222765130 a multiple of 14?
True
Is 225712897 a multiple of 32?
False
Does 1122 divide 3305177361?
False
Is 2411 a factor of 290626762?
True
Is 628 a factor of 87763817?
False
Is 3985765920 a multiple of 135?
True
Does 301 divide 22556576?
False
Is 1290 a factor of 32578232?
False
Is 27 a factor of 149074695?
True
Is 320261067 a multiple of 9?
True
Does 5120 divide 2968564492?
False
Does 117 divide 261729?
True
Is 398 a factor of 2954354?
True
Is 1586 a factor of 1830905?
False
Is 44279376 a multiple of 15?
False
Is 833500711 a multiple of 1296?
False
Is 261559867 a multiple of 74?
False
Is 29364040 a multiple of 1584?
False
Does 776 divide 118884695?
False
Is 175 a factor of 11654116?
False
Is 4794 a factor of 455789550?
True
Does 1897 divide 129229717?
False
Does 11 divide 103948042?
True
Is 2582503065 a multiple of 630?
False
Is 759 a factor of 66787662?
False
Does 1380 divide 141033240?
True
Is 516 a factor of 33101916?
True
Does 338 divide 11578135?
False
Is 2399 a factor of 33030950?
False
Is 49880922 a multiple of 93?
True
Does 669 divide 381967796?
False
Does 463 divide 19099676?
True
Does 2792 divide 864743824?
True
Is 438828 a multiple of 4?
True
Does 196 divide 49363428?
False
Is 64339428 a multiple of 2697?
False
Is 2348 a factor of 196259419?
False
Is 83 a factor of 7904977?
False
Is 8302686 a multiple of 21?
True
Is 3510 a factor of 391663350?
True
Does 408 divide 28648819?
False
Is 64392691 a multiple of 2299?
True
Is 101 a factor of 520153582?
False
Is 101 a factor of 2473503280?
False
Is 1680 a factor of 238314720?
True
Is 516 a factor of 32468784?
True
Is 12738655 a multiple of 22?
False
Does 858 divide 49508316?
True
Is 141139022 a multiple of 1518?
False
Is 544265331 a multiple of 8049?
True
Does 56 divide 59293584?
True
Is 7 a factor of 37926063?
True
Is 794 a factor of 439530761?
False
Does 52 divide 22269238?
False
Is 18284422 a multiple of 164?
False
Is 48338727 a multiple of 43?
False
Is 3354151 a multiple of 127?
False
Is 72799928 a multiple of 82?
True
Is 2792 a factor of 330668005?
False
Does 327 divide 510142236?
True
Does 2486 divide 8343016?
True
Is 17816883 a multiple of 1026?
False
Is 511105015 a multiple of 2428?
False
Is 1170330334 a multiple of 12?
False
Is 22 a factor of 554644605?
False
Is 615718140 a multiple of 10?
True
Is 15 a factor of 3726300090?
True
Is 507 a factor of 10417329?
True
Does 9467 divide 2066967978?
True
Is 39 a factor of 928039281?
True
Is 651 a factor of 162985782?
False
Does 135 divide 132898320?
True
Is 9129286 a multiple of 134?
True
Is 10 a factor of 893775908?
False
Is 451 a factor of 833225206?
True
Is 58708398 a multiple of 1506?
True
Is 3 a factor of 4988934?
True
Is 2611 a factor of 921897102?
True
Is 1830 a factor of 215810070?
True
Is 3 a factor of 1379214?
True
Does 1263 divide 981452526?
False
Is 33569037 a multiple of 261?
True
Does 15 divide 223437405?
True
Is 9 a factor of 47777994?
True
Is 1318 a factor of 345489976?
True
Does 8 divide 328761280?
True
Does 403 divide 74286627?
False
Is 3149 a factor of 254722610?
True
Is 552323590 a multiple of 2170?
True
Does 46 divide 2081766?
False
Does 80 divide 4532160?
True
Is 78370 a multiple of 7?
False
Does 3 divide 140820552?
True
Does 278 divide 32313352?
False
Does 79 divide 1435300686?
False
Does 342 divide 71208162?
True
Does 39 divide 10980918?
True
Is 1068 a factor of 99124982?
False
Is 170010648 a multiple of 89?
True
Is 38272592 a multiple of 783?
False
Does 142 divide 137984524?
True
Is 2078485 a multiple of 176?
False
Does 13 divide 3970200?
True
Is 3033933210 a multiple of 4270?
True
Is 4 a factor of 24817745?
False
Is 20 a factor of 29392248?
False
Does 13 divide 202879287?
True
Does 7 divide 528873666?
False
Is 54208894 a multiple of 62?
True
Does 166 divide 744497948?
False
Is 456225693 a multiple of 33?
True
Is 714822129 a multiple of 34?
False
Is 89360552 a multiple of 199?
True
Is 1647607744 a multiple of 64?
True
Is 73590318 a multiple of 26?
False
Is 565 a factor of 40673785?
True
Is 121731099 a multiple of 34?
False
Is 1739 a factor of 149492629?
False
Is 11 a factor of 502117?
True
Is 12149535 a multiple of 1835?
True
Is 57 a factor of 66913515?
False
Does 4 divide 34238376?
True
Is 1260 a factor of 374876460?
True
Is 7434216 a multiple of 12?
True
Is 8 a factor of 109335808?
True
Does 520 divide 207399097?
False
Does 148 divide 286823129?
False
Does 5468 divide 1264529680?
True
Is 16256789 a multiple of 432?
False
Is 85058674 a multiple of 183?
False
Is 173 a factor of 246365667?
True
Does 9 divide 186794874?
True
Does 10 divide 529696430?
True
Does 5 divide 12401890?
True
Is 12 a factor of 272342844?
True
Does 8 divide 14739725?
False
Is 404977462 a multiple of 12?
False
Is 352 a factor of 11472384?
True
Does 15 divide 215175990?
True
Is 1316 a factor of 35829416?
True
Does 33 divide 37165755?
True
Is 1051 a factor of 27666524?
True
Is 2074 a factor of 222855448?
True
Is 129 a factor of 578906648?
False
Does 45 divide 170862123?
False
Does 125 divide 8629375?
True
Does 633 divide 847830150?
False
Does 500 divide 274993500?
True
Does 36 divide 42605208?
True
Is 1618356283 a multiple of 44?
False
Is 3654525 a multiple of 5?
True
Does 487 divide 178666177?
True
Does 1657 divide 174525182?
True
Is 293836831 a multiple of 18?
False
Is 25 a factor of 20308150?
True
Does 8 divide 374648705?
False
Does 6077 divide 2479507728?
False
Is 648 a factor of 1898748890?
False
Is 461 a factor of 51612404?
False
Does 26 divide 33655752?
True
Is 13718 a factor of 3061737832?
False
Is 998967598 a multiple of 3439?
True
Does 77 divide 106427741?
False
Does 242 divide 46718100?
True
Does 2208 divide 139644960?
True
Is 390942402 a multiple of 6?
True
Does 7457 divide 4669485620?
False
Is 8 a factor of 223464824?
True
Is 231 a factor of 56950971?
True
Is 56 a factor of 20702248?
True
Does 1696 divide 416987040?
True
Is 770 a factor of 37296615?
False
Does 4760 divide 30354175?
False
Does 64 divide 33896512